*6/720 - 13*w**5/15 + 146*w**2. Let g(f) be the third derivative of u(f). Give g(-5).
3
Let u(x) = -20*x - 7. Let a(p) = -20*p - 9. Let h(w) = -6*a(w) + 5*u(w). Let s be h(-1). Let i(l) = 16*l**3 - 2*l - 1. Determine i(s).
-15
Let a(b) be the first derivative of -3*b - 1/6*b**3 - 6*b**2 + 20. Let y(k) be the first derivative of a(k). Calculate y(-10).
-2
Let n(x) = -6*x - 2. Let o be (9 + -6)/(7/(-854)). Let z = o - -364. Give n(z).
10
Suppose 333 - 405 = -24*z. Let i(l) = -l + 13. Calculate i(z).
10
Let p = 4 - -2. Let n(s) = -p + s**2 + 6*s - 3*s + 2*s. Let k = -88313 - -88308. Calculate n(k).
-6
Let j(d) = -5*d**2 - 3*d + 6. Let w(x) = 19*x**2 - 4*x - 22*x**2 + 2*x - 3*x + 5. Let z(u) = 2*j(u) - 3*w(u). Give z(7).
11
Let u(g) be the third derivative of -g**6/120 + g**5/30 + g**4/8 - 5*g**3/6 + 160*g**2. What is u(2)?
1
Let x = -67 - -82. Let n(g) = -3 + 0 - 9*g + x*g - 5*g. Determine n(7).
4
Let q(j) = 11*j - 7. Let d(n) = -49*n + 25. Let o(y) = -2*d(y) - 9*q(y). Calculate o(0).
13
Let q(d) = d - 28. Let a = -5370 - -5381. Give q(a).
-17
Let i = 1685 + -1683. Let x(w) be the second derivative of 1/20*w**5 + 1/6*w**3 + 0 - 2*w - 1/4*w**4 - w**2. Give x(i).
-4
Let c(z) = -13*z - 3. Let g(i) = 28*i + 6. Suppose -7*b + 77 = -18*b. Let h(q) = b*c(q) - 3*g(q). Suppose -3*v = -8*v - 3*w, v = -w + 2. Determine h(v).
-18
Let c(w) = -2*w + 5. Let r(y) = -5*y + 14. Let v(h) = 8*c(h) - 3*r(h). Let m be (0*6/18)/3. Suppose i + i + 4*o - 14 = m, 0 = 3*i + 5*o - 19. Calculate v(i).
-5
Let g(u) = -23*u**3 + 9*u**2 + 9*u - 8. Let v(c) = 35*c**3 - 10*c**2 - 11*c + 8. Let y(f) = 3*g(f) + 2*v(f). Give y(-6).
-2
Let q(i) = -2*i**2 - 149*i - 1735. Let l be q(-60). Let u(x) = -x**3 + 11*x - 1. Calculate u(l).
-71
Let g be (1 - -3)/((99/(-66))/((-18)/(-8))). Let i(n) = n**3 + 4*n**2 + 3*n - 7. What is i(g)?
-97
Let b(a) = 105*a + 956. Let l be b(-9). Let v(r) = -7*r - 8. Let u(c) = -c - 1. Let q(i) = -6*u(i) + v(i). Give q(l).
-13
Let t(r) = 5*r + 1. Let g(k) = 4*k - 5. Suppose -6*d + 7*d = 1. Let a be g(d). Determine t(a).
-4
Let w(h) = 15*h + 2. Let t(b) = -7*b - 1. Let m(i) = -7*t(i) - 3*w(i). Let g(o) = o**3 + o**2 - 1. Let z be (0/6)/(-5)*(0 + -1). Let p be g(z). Determine m(p).
-3
Let b(r) be the third derivative of r**5/12 + r**4/12 - r**3/3 + 2621*r**2 + r. Calculate b(-2).
14
Let m(l) = -l**2 + 4*l - 4. Let h(t) = -t**3 - 38*t**2 + 40*t + 39. Let j be h(-39). Suppose -2*b = -2 - 0. Let n be -3 - (j + -6 + b - 3). Determine m(n).
-9
Suppose -69 = -2*o - 53. Let x(p) = 34*p - 11. Let c(d) be the first derivative of -23*d**2/2 + 7*d - 2. Let a(j) = o*c(j) + 5*x(j). What is a(-1)?
15
Let z(f) be the third derivative of f**5/30 - f**4/12 + f**3/6 + 758*f**2. Give z(1).
1
Let h(u) = 8*u - 260. Let k be h(34). Let p(q) = q - 5. Calculate p(k).
7
Suppose 0 = b + f - 40, 39*b - 34*b = -f + 184. Let i(r) = r**3 - 35*r**2 - 39*r + 113. Give i(b).
5
Let x(w) = 23*w + 7*w - 32*w + 5 - 3. Let q(r) = -3*r + 8 - 6*r + 10*r. Let l be q(-5). What is x(l)?
-4
Let v(a) = 0*a - 169 - 154 - 177 + 5*a + 567. Give v(-11).
12
Let v(w) = 30006*w + 30007*w - 5*w**2 - 90003*w - 4 + 29997*w. Calculate v(1).
-2
Let w(l) = l + 7. Suppose -701 + 645 = -7*x. Suppose -9*s + x*s - 3*s = 0. What is w(s)?
7
Let s(t) = -79 + 42*t - t**2 + 10*t - 75*t + 45*t. Give s(18).
-7
Let t = -253 + 255. Let h(g) = -2*g**2 + 4*g**2 - 2*g - g**2 - 2 - t*g**2. Give h(-4).
-10
Let a(s) = 13*s**2 - 5*s**2 + 21 - 43 + 21. Calculate a(-1).
7
Let z(i) = -2*i - 3. Suppose -9*b + 54 = -36. Let c be (-9)/(-6)*b/5. What is z(c)?
-9
Let h(m) be the third derivative of -3*m**6/40 + m**5/15 - 5*m**4/24 - 2*m**2 + 289*m. Determine h(2).
-66
Let a(k) = 2*k**3 - 7*k**2 + 2*k - 4. Let v be 80/(-480)*(-18)/(2 + -1). Calculate a(v).
-7
Let k(u) = -5*u + 1321*u**2 + 40 - 1322*u**2 - 15 - 18. Let x be -2*(8/(-2) - 0). Let q be (4 - 0)*(-10)/x. Give k(q).
7
Let d = 195 + -192. Suppose -3*m + 8 = 4*j, 2*m + 4*j = 1 + d. Let a(l) = 2*l + 3. Give a(m).
11
Let j(m) = -m**3 + 12*m**2 + 2*m - 9. Let c(h) = 206*h + 21023. Let w be c(-102). What is j(w)?
134
Suppose -4 + 34 = 15*m. Let r(i) = -45*i**2 - 202*i + 198*i - 5 + 46*i**m. Calculate r(5).
0
Suppose 289 - 61 = 113*g - 450. Let k(s) = -s**3 + 7*s**2 - s + 6. Calculate k(g).
36
Let y(f) = -f**2 - 2*f + 4. Let g(z) = z**2 + 4*z + 3. Let x = 77 + -80. Let l be g(x). Suppose l = -9*o - 14 - 31. Calculate y(o).
-11
Let y be 4 - (9/3)/(3 - 0). Let f(j) = -2*j**2 + 5*j + 3. Let x(p) = -3*p**2 + 8*p + 4. Let t(n) = -8*f(n) + 5*x(n). Calculate t(y).
5
Let z be 51/(-45) - (-79)/2370*8/2. Let t(x) = -1 + 5*x - 4*x - 3*x + 6*x**2. What is t(z)?
7
Let v(h) = -3*h - 17. Let f = -157 + 197. Let i be (-12)/(10/f + (-10)/(-8)). Give v(i).
7
Let f(p) = p**3 + 13*p**2 - 4*p - 29. Let a(r) = -r**3 + 18*r**2 + 6*r - 121. Let b be a(18). Calculate f(b).
23
Let v(o) = -2*o - 14. Let w(y) = -y - 2. Let k(s) = -3*s**3 + s**2 + 2*s - 2. Let q be k(1). Let x(a) = q*v(a) + 10*w(a). What is x(6)?
-28
Let b be ((-441)/12 + (-3)/12)*2. Let d = b + -4. Let h = d + 86. Let c(r) = -r**3 + 7*r**2 + 7*r - 5. What is c(h)?
-13
Let q(s) be the first derivative of 63 - s + 0*s**2 - 19/3*s**3. Give q(1).
-20
Let f(o) = -2*o + 8. Let p be f(7). Let s(l) = -405*l + 15. Let c(q) = 1824*q - 60. Let a(x) = 2*c(x) + 9*s(x). Give a(p).
-3
Let q(f) = 16*f + 15*f + 16*f + 8 - 37*f - 2*f**2. Calculate q(6).
-4
Let c(o) be the second derivative of -3*o**5/10 - o**4/12 - o**3/6 - 5*o**2/2 - 37*o + 13. What is c(-2)?
41
Let k(t) = -26*t - 158. Let s(j) = -j - 10. Let y(o) = -k(o) + 6*s(o). What is y(-5)?
-2
Let j(o) = -72 - 2*o + 47 + 14 + 9*o. What is j(-5)?
-46
Let z(h) be the third derivative of h**4/4 - h**3/3 - 1005*h**2. What is z(1)?
4
Let g = -129 - -140. Let c(l) = 21*l - 13*l - l**2 + 4 - g*l. Let z = 20 + -17. What is c(z)?
-14
Let g be ((-32)/6)/(70/(-105)). Let j(u) = 147*u - 146*u - 8 - 6. Give j(g).
-6
Let s(c) be the first derivative of 5*c**3/6 + 3*c**2/2 + 35*c - 142. Let p(k) be the first derivative of s(k). Give p(-3).
-12
Let l(z) = -2 + z**2 + 719*z - 2161*z + 741*z + 723*z. Give l(6).
166
Let s(f) = -4*f - 6. Let q = -224 - -167. Let n = 52 + q. What is s(n)?
14
Let j(m) = -m**3 - 4*m**2 - 3*m + 3. Suppose -6*p + p - 45 = 0. Let w(x) = 3*x - 9*x**2 - 7 - 5 - 3*x - x - x**3. Let r be w(p). Determine j(r).
3
Let d = -6586 - -6587. Let r(k) be the second derivative of k**4/3 + 11*k**3/6 - k**2 - k. Let g(b) = b**2 + b + 1. Let u(w) = d*r(w) - 3*g(w). What is u(-7)?
-12
Let l(p) be the second derivative of p**5/10 + 11*p**4/6 - 13*p**3/3 - 17*p**2/2 + 151*p. Let t be l(-12). Let u(k) = k**3 - 8*k**2 + 9*k - 9. Calculate u(t).
5
Let l be 108/(-48) + 5/((-40)/6). Let w(d) be the second derivative of d**5/20 + 5*d**4/12 + d**3/2 - 3*d**2/2 - 58*d. Give w(l).
6
Let d(b) = 6*b - 62. Let x(z) = -15*z + 68. Let g be x(4). Give d(g).
-14
Let y(b) be the second derivative of -9*b + b**2 + 1 - 11/12*b**4 - 1/20*b**5 + 0*b**3. What is y(-11)?
2
Let o(p) = 9*p + 11. Let g = 4368 + -4371. Give o(g).
-16
Let c(u) be the second derivative of u**5/20 - 5*u**4/12 - u**3/6 + 5*u**2/2 + u. Let w = -319 + 442. Suppose -w + 138 = 3*a. What is c(a)?
0
Let m(z) = -172 - 2*z + 84 + 85. Let w be m(5). Let n be w/3 + 4 - (-38)/6. Let x(u) = 3*u - 2. Determine x(n).
16
Let a = -45363/4 + 11341. Let u(l) be the first derivative of 0*l**2 + 8/3*l**3 - a*l**4 + 7 + 6*l. Determine u(8).
6
Let v(o) be the second derivative of o**5/10 + o**4/3 - 2*o**3/3 - 6*o**2 + 7486*o + 1. What is v(-2)?
-4
Let h(r) be the third derivative of -r**6/120 - r**5/60 - r**4/24 + r**3/6 + r**2. Let q be (-11578)/7*(-1)/((-10)/15). Let l = q - -2483. What is h(l)?
-13
Let s(x) = -x - 2. Let f(g) = 16*g + 6. Let l(q) = -f(q) - 5*s(q). Let p(z) = -4*z + 2. Let h(b) = 3*l(b) - 8*p(b). Calculate h(-7).
3
Let g(r) = r**2 - 1. Let t be (-1)/(-2)*(1 + -3). Let m(x) = 5*x**2 + x - 7. Let w(k) = t*m(k) + 4*g(k). Suppose 5*d = 10*d - 15. Determine w(d).
-9
Let i(n) = -n + 6. Suppose 29*v = 2*g + 28*v - 33, -2*v + 46 = 3*g. Suppose 0 = -31*f + g + 201. Determine i(f).
-1
Let m(t) = -2*t + 1. Let i(y) = y. Let d(g) = -5*i(g) - 2*m(g). Let q = 562 - 436. Suppose q*k = 123*k - 3. Calculate d(k).
-1
Suppose -6 = -b, 4*p + 60*b = 57*b - 10. Let q(z) = z**3 + 10*z**2 + 10*z 